{"id":153,"date":"2025-06-23T13:29:20","date_gmt":"2025-06-23T11:29:20","guid":{"rendered":"https:\/\/gabonbienetre.com\/?page_id=153"},"modified":"2025-11-27T22:05:01","modified_gmt":"2025-11-27T21:05:01","slug":"accueil","status":"publish","type":"page","link":"https:\/\/gabonbienetre.com\/","title":{"rendered":"Bienvenue"},"content":{"rendered":"\t\t<div data-elementor-type=\"wp-page\" data-elementor-id=\"153\" class=\"elementor elementor-153\">\n\t\t\t\t<div class=\"elementor-element elementor-element-4fb5b24 e-con-full e-flex e-con e-parent\" data-id=\"4fb5b24\" data-element_type=\"container\">\n\t\t<div class=\"elementor-element elementor-element-9782fff e-con-full e-flex e-con e-child\" data-id=\"9782fff\" data-element_type=\"container\">\n\t\t\t\t<div class=\"elementor-element elementor-element-1621d3d elementor-widget elementor-widget-text-editor\" data-id=\"1621d3d\" data-element_type=\"widget\" data-widget_type=\"text-editor.default\">\n\t\t\t\t<div class=\"elementor-widget-container\">\n\t\t\t\t\t\t\t\t\t<p><strong>Gabon Bien-\u00eatre : La vitrine des professionnels de la diaspora<\/strong><\/p><p><strong>Votre visite nous honore<\/strong>, nous, les <strong>professionnels gabonais de la diaspora<\/strong>, engag\u00e9s dans les domaines du <strong>bien-\u00eatre<\/strong>, de la <strong>beaut\u00e9<\/strong>, de la <strong>mode<\/strong>, de l\u2019<strong>art<\/strong> et du <strong>style de vie<\/strong>.<\/p><p><strong>Gabon Bien-\u00eatre<\/strong> est bien plus qu\u2019un simple site internet : C\u2019est une <strong>plateforme de mise en relation<\/strong> qui vous permet de <strong>trouver facilement des experts de la diaspora<\/strong> dans des secteurs vari\u00e9s tels que :<\/p><ul><li>Le bien-\u00eatre<\/li><li>Le d\u00e9veloppement personnel<\/li><li>D\u00e9coration d\u2019int\u00e9rieur<\/li><li>Peinture artistique<\/li><li>\u00c9ducation et accompagnement p\u00e9dagogique<\/li><\/ul>\t\t\t\t\t\t\t\t<\/div>\n\t\t\t\t<\/div>\n\t\t\t\t<div class=\"elementor-element elementor-element-f938d41 elementor-align-justify elementor-widget elementor-widget-button\" data-id=\"f938d41\" data-element_type=\"widget\" data-widget_type=\"button.default\">\n\t\t\t\t<div class=\"elementor-widget-container\">\n\t\t\t\t\t\t\t\t\t<div class=\"elementor-button-wrapper\">\n\t\t\t\t\t<a class=\"elementor-button elementor-button-link elementor-size-sm\" href=\"https:\/\/gabonbienetre.com\/?page_id=212\">\n\t\t\t\t\t\t<span class=\"elementor-button-content-wrapper\">\n\t\t\t\t\t\t\t\t\t<span class=\"elementor-button-text\">Produits et services  en ce moment<\/span>\n\t\t\t\t\t<\/span>\n\t\t\t\t\t<\/a>\n\t\t\t\t<\/div>\n\t\t\t\t\t\t\t\t<\/div>\n\t\t\t\t<\/div>\n\t\t\t\t<div class=\"elementor-element elementor-element-791fd2f elementor-widget elementor-widget-text-editor\" data-id=\"791fd2f\" data-element_type=\"widget\" data-widget_type=\"text-editor.default\">\n\t\t\t\t<div class=\"elementor-widget-container\">\n\t\t\t\t\t\t\t\t\t<p><strong>Vous connaissez peut-\u00eatre :\u00a0<\/strong><\/p><ul><li><a href=\"https:\/\/gabonbienetre.com\/?page_id=229\">Nyali Savons cosm\u00e9tiques<\/a><\/li><li><a href=\"https:\/\/tyamma.fr\/index.php\/prestations-massages\/\">Maison Ty Amma<\/a><\/li><\/ul><p>Cliquez sur le lien pour acc\u00e9der directement \u00e0 la section recherche!<\/p><p><strong> Gabon Bien-\u00eatre, c\u2019est plus qu\u2019une\u00a0<\/strong><a style=\"font-size: 14px; background-color: rgba(255, 255, 255, 0);\" href=\"https:\/\/gabonbienetre.com\/?post_type=product\" target=\"_blank\" rel=\"noopener\">vitrine de produits<\/a><\/p><p>\u2014 C\u2019est un espace d\u00e9di\u00e9 \u00e0 l\u2019\u00e9panouissement, \u00e0 l\u2019\u00e9conomie verte, et \u00e0 l\u2019\u00e9mancipation sociale au Gabon et en Afrique. Nous croyons en une Afrique plus solidaire, plus consciente, et plus engag\u00e9e envers son environnement. Sur notre site, vous trouverez des articles passionnants, des initiatives inspirantes, et des pages qui c\u00e9l\u00e8brent les acteurs du changement. <a href=\"https:\/\/gabonbienetre.com\/?page_id=212\"><strong>Explorez, d\u00e9couvrez, partagez<\/strong> <\/a>\u2014 car le bien-\u00eatre commence par l\u2019information et l\u2019action.<\/p>\t\t\t\t\t\t\t\t<\/div>\n\t\t\t\t<\/div>\n\t\t\t\t<\/div>\n\t\t\t\t<\/div>\n\t\t<div class=\"elementor-element elementor-element-ebd7e69 e-flex e-con-boxed e-con e-parent\" data-id=\"ebd7e69\" data-element_type=\"container\">\n\t\t\t\t\t<div class=\"e-con-inner\">\n\t\t\t\t\t<\/div>\n\t\t\t\t<\/div>\n\t\t\t\t<\/div>\n\t\t","protected":false},"excerpt":{"rendered":"<p>Gabon Bien-\u00eatre : La vitrine des professionnels de la diaspora Votre visite nous honore, nous, les professionnels gabonais de la diaspora, engag\u00e9s dans les domaines du bien-\u00eatre, de la beaut\u00e9, de la mode, de l\u2019art et du style de vie. Gabon Bien-\u00eatre est bien plus qu\u2019un simple site internet : C\u2019est une plateforme de mise [&hellip;]<\/p>\n","protected":false},"author":1,"featured_media":0,"parent":0,"menu_order":0,"comment_status":"closed","ping_status":"closed","template":"","meta":{"_seopress_robots_primary_cat":"","_seopress_titles_title":"","_seopress_titles_desc":"","_seopress_robots_index":"","iawp_total_views":155,"footnotes":""},"class_list":["post-153","page","type-page","status-publish","hentry","entry","owp-thumbs-layout-horizontal","owp-btn-normal","owp-tabs-layout-horizontal","has-no-thumbnails","has-product-nav"],"_links":{"self":[{"href":"https:\/\/gabonbienetre.com\/index.php?rest_route=\/wp\/v2\/pages\/153","targetHints":{"allow":["GET"]}}],"collection":[{"href":"https:\/\/gabonbienetre.com\/index.php?rest_route=\/wp\/v2\/pages"}],"about":[{"href":"https:\/\/gabonbienetre.com\/index.php?rest_route=\/wp\/v2\/types\/page"}],"author":[{"embeddable":true,"href":"https:\/\/gabonbienetre.com\/index.php?rest_route=\/wp\/v2\/users\/1"}],"replies":[{"embeddable":true,"href":"https:\/\/gabonbienetre.com\/index.php?rest_route=%2Fwp%2Fv2%2Fcomments&post=153"}],"version-history":[{"count":53,"href":"https:\/\/gabonbienetre.com\/index.php?rest_route=\/wp\/v2\/pages\/153\/revisions"}],"predecessor-version":[{"id":356,"href":"https:\/\/gabonbienetre.com\/index.php?rest_route=\/wp\/v2\/pages\/153\/revisions\/356"}],"wp:attachment":[{"href":"https:\/\/gabonbienetre.com\/index.php?rest_route=%2Fwp%2Fv2%2Fmedia&parent=153"}],"curies":[{"name":"wp","href":"https:\/\/api.w.org\/{rel}","templated":true}]}}