{"id":323,"date":"2025-08-06T19:27:37","date_gmt":"2025-08-06T17:27:37","guid":{"rendered":"https:\/\/gabonbienetre.com\/?post_type=product&#038;p=323"},"modified":"2025-08-06T19:55:48","modified_gmt":"2025-08-06T17:55:48","slug":"ifoulou","status":"publish","type":"product","link":"https:\/\/gabonbienetre.com\/?product=ifoulou","title":{"rendered":"ifoulou"},"content":{"rendered":"<p>Douche \u00e9nerg\u00e9tique aux 5 \u00e9l\u00e9ments de la for\u00eat.<\/p>\n<p>Libation personnelle.<\/p>\n<p><img alt=\"ifoulou\" fetchpriority=\"high\" decoding=\"async\" class=\"alignnone size-medium wp-image-327\" src=\"https:\/\/gabonbienetre.com\/wp-content\/uploads\/2025\/08\/ifoulou-300x233.png\" alt=\"ifoulou\" width=\"300\" height=\"233\" srcset=\"https:\/\/gabonbienetre.com\/wp-content\/uploads\/2025\/08\/ifoulou-300x233.png 300w, https:\/\/gabonbienetre.com\/wp-content\/uploads\/2025\/08\/ifoulou-600x466.png 600w, https:\/\/gabonbienetre.com\/wp-content\/uploads\/2025\/08\/ifoulou.png 643w\" sizes=\"(max-width: 300px) 100vw, 300px\" \/><\/p>\n","protected":false},"excerpt":{"rendered":"<p>Purificateur \u00e9nerg\u00e9tique<\/p>\n","protected":false},"featured_media":326,"comment_status":"open","ping_status":"closed","template":"","meta":{"_seopress_robots_primary_cat":"none","_seopress_titles_title":"","_seopress_titles_desc":"","_seopress_robots_index":"","iawp_total_views":10},"product_brand":[],"product_cat":[29],"product_tag":[],"class_list":{"0":"post-323","1":"product","2":"type-product","3":"status-publish","4":"has-post-thumbnail","6":"product_cat-bien-etre-massage","8":"entry","9":"has-media","11":"first","12":"instock","13":"taxable","14":"shipping-taxable","15":"purchasable","16":"product-type-simple","17":"has-product-nav","18":"col","19":"span_1_of_3","20":"owp-content-center","21":"owp-thumbs-layout-horizontal","22":"owp-btn-normal","23":"owp-tabs-layout-horizontal","24":"has-no-thumbnails"},"_links":{"self":[{"href":"https:\/\/gabonbienetre.com\/index.php?rest_route=\/wp\/v2\/product\/323","targetHints":{"allow":["GET"]}}],"collection":[{"href":"https:\/\/gabonbienetre.com\/index.php?rest_route=\/wp\/v2\/product"}],"about":[{"href":"https:\/\/gabonbienetre.com\/index.php?rest_route=\/wp\/v2\/types\/product"}],"replies":[{"embeddable":true,"href":"https:\/\/gabonbienetre.com\/index.php?rest_route=%2Fwp%2Fv2%2Fcomments&post=323"}],"wp:featuredmedia":[{"embeddable":true,"href":"https:\/\/gabonbienetre.com\/index.php?rest_route=\/wp\/v2\/media\/326"}],"wp:attachment":[{"href":"https:\/\/gabonbienetre.com\/index.php?rest_route=%2Fwp%2Fv2%2Fmedia&parent=323"}],"wp:term":[{"taxonomy":"product_brand","embeddable":true,"href":"https:\/\/gabonbienetre.com\/index.php?rest_route=%2Fwp%2Fv2%2Fproduct_brand&post=323"},{"taxonomy":"product_cat","embeddable":true,"href":"https:\/\/gabonbienetre.com\/index.php?rest_route=%2Fwp%2Fv2%2Fproduct_cat&post=323"},{"taxonomy":"product_tag","embeddable":true,"href":"https:\/\/gabonbienetre.com\/index.php?rest_route=%2Fwp%2Fv2%2Fproduct_tag&post=323"}],"curies":[{"name":"wp","href":"https:\/\/api.w.org\/{rel}","templated":true}]}}